u = 30 - 27. Suppose -4*i + 3*i = u*j - 2, 4*i + 24 = 4*j. Give t(i).
12
Let n(s) be the first derivative of -5*s**2/2 + 43*s + 1421. Give n(7).
8
Suppose -19*u + 23*u - 4*q = 28, 16 = 4*u + 2*q. Let m(r) = r**3 - 5*r**2 + 2*r + 7. Calculate m(u).
17
Let h(c) be the first derivative of c**3/3 + 12*c + 13. Let r = -144 - -149. Let i be (-5 - (-25)/r)/1. What is h(i)?
12
Let d(t) be the first derivative of t**2/2 + 5*t - 2. Suppose g + 27 - 33 = 0. Suppose -5*r + g*r + 5*b - 25 = 0, 5*r = 4*b - 20. Give d(r).
5
Let c(g) = -g**3 - 2*g**2 - 2*g. Suppose 0 = 12*s - 0*s + 792. Let p = s - -63. Determine c(p).
15
Let n(f) = 2*f**2 + 976*f + 0 + 1 - 956*f. Let v be n(-10). Let r(t) = -8*t**2. Let k(b) = 4*b**2. Let l(g) = -5*k(g) - 3*r(g). Determine l(v).
4
Suppose 7*x = -3*v + 58, -22*x + 25*x - 36 = -5*v. Let q(z) = -58*z + 3. Give q(v).
-171
Let z(c) = -c**3 - 5*c**2 + 3*c + 18. Suppose -l - 3*l - 21 = -5*x, 8*x - 20 = 3*l. Give z(l).
-10
Suppose -100*s + 96*s - 36 = 2*v, 0 = -13*s - 4*v - 97. Let o(d) = -d**2 - d + 21. Give o(s).
1
Let j(x) = -2*x + 0*x - 2*x - 6. Suppose 2 = m - p, p + 17 = -3*m + 3. Calculate j(m).
6
Let n(o) = -29*o + 78. Let b(y) = 35*y - 80. Let d(t) = 4*b(t) + 5*n(t). Calculate d(16).
-10
Suppose 0 = m + 2*a, -4*a - 2 = 3*m - 0*m. Let t be (0/4)/(m/(-2)). Let f(k) = 9 + 3*k - k - k + 10. What is f(t)?
19
Let w(a) = -3*a - 10. Let f be w(-4). Let c(k) = -3*k - f*k + 6*k - 10. Let x be c(7). Let h(z) = -5*z + 1. Determine h(x).
16
Let c(l) be the third derivative of l**6/60 + 13*l**5/60 - l**4/2 - 3*l**3/2 + l**2 + 1990*l - 1. Determine c(-8).
-105
Let c = -108 - -103. Let y(p) = p**2 + 3*p. Determine y(c).
10
Let k(o) = 6*o - 4*o - 37*o**3 - o + 6*o**3. Suppose f = 5*x + 3, -4*f - 11 = 2*x - 1. Determine k(x).
30
Let n(a) = 32*a - 232. Let t be (-5 + (-22 - -26))*-7. Calculate n(t).
-8
Let m(a) = -2*a**2 - 36*a + 3. Let v be m(-16). Let g(i) = i**3 - 29*i - 16*i**2 + 14 - 39*i + v*i + 8. Calculate g(16).
6
Let w(m) = -m**2 - 14*m - 2. Let k(c) be the first derivative of 7*c**2 - 111*c + 138. Let b be k(7). What is w(b)?
11
Let j(n) = -6*n - 272. Let c be j(-45). Let m(r) = 7*r - 4. What is m(c)?
-18
Suppose -i - 2 = 0, p + 0*p + 8 = 2*i. Let a(z) = z + 20. Let l be a(p). Let n(v) = v**2 - 10*v + 11. Determine n(l).
-5
Let k(c) = -3*c**2 + 11*c + 47. Let r(f) = -f**2 + 5*f + 22. Let q(d) = 2*k(d) - 5*r(d). Determine q(-3).
-16
Let a(d) = 2*d - 4. Let y(p) be the second derivative of p**5/20 - 9*p**4/4 - 28*p**3/3 - 17*p**2 - 9*p. Let b be y(29). Suppose b = 10*c - 16. What is a(c)?
4
Let d be (-8)/2 - (2 + -8). Let f(j) = 1 - 3*j + j**3 + 2*j**3 - 2 - j**2 + 4*j**d - 6*j**2. What is f(-1)?
-4
Let t(k) = 5*k**2 + 7*k + 1. Let g(m) = 11*m**2 + 18*m + 3. Let y(b) = -3*g(b) + 7*t(b). Give y(-2).
16
Suppose 3*l - 4*r = -18, 0 - 6 = -2*r. Let x be (l - (-15)/6)/(4/(-8)). Let s(t) = 0 - 2*t**2 - t + 0*t + 15*t**3 - 1 - t. Determine s(x).
-16
Let f be 9/2*-110*(-18)/135. Let j = f + -76. Let u(n) = -n**2 - 8*n + 13. Calculate u(j).
-7
Let o be (-37)/7 - (-14)/49. Let y(d) = 5 + 2 + 232*d - 4 - 460*d - 4 + 224*d. What is y(o)?
19
Let h be ((-70)/(-7))/(12/12). Let j(n) = n**2 + 3*n - 1. Let f be j(2). Let c(y) = -2*y + h + f - 20. Give c(-4).
7
Suppose 3*c = 2*f + 11, 2*c + 2208 = 3*f + 2212. Let t(k) = -16*k + 30. Let v(y) = -3*y + 6. Let b(u) = 2*t(u) - 11*v(u). Calculate b(c).
-1
Let r(p) = 2*p + 0*p**2 - 6 + 1 + 4 + 3*p**2. Let g = 40 + -35. Suppose 3 = 3*k - g*u, 5*k + u + 3 = 8. Give r(k).
4
Suppose -2*p = 4*z - 54, 6*p - 65 = 3*p + 2*z. Let w(v) = -p + 10*v**2 + 8 + 11 - v**3. Give w(10).
-4
Suppose 0 = -a + 46 + 47 - 84. Let i(g) = g**3 - 7*g**2 - 2*g - 152. Calculate i(a).
-8
Let t(j) = -j**2 + 10*j - 7. Suppose -602 - 706 + 354 = -106*x. Give t(x).
2
Suppose 54 = -53*m - 105. Let k(l) = l + 9. Calculate k(m).
6
Let d(w) be the first derivative of -w**4/4 + 3*w**2/2 - w + 68. Suppose -12 = -7*b + 4*b. Suppose 0 = -b*u + 8. Calculate d(u).
-3
Let a = 10 + -4. Let l be (-28)/a*(-66)/77. Let r(o) = 0*o - 6*o + l*o - 2. Determine r(4).
-10
Let z be 85 - (-2)/(-4)*-12. Let f = -88 + z. Let s(y) = 4*y**2 - 3*y**2 - 4 + 0. Calculate s(f).
5
Let m(p) = -19*p - 10. Let q(w) = -32*w - 17. Let z(o) = -5*m(o) + 3*q(o). Suppose -1 = x - 0. Let d(i) = 3*i - 2. Let l(f) = x*d(f) - 4*z(f). Determine l(0).
6
Let v(d) = 4 + d + 3 - 2 + 19. Let k be v(-27). Let w(z) = z + 3. Let n(i) = -5*i - 15. Let m(t) = 2*n(t) + 11*w(t). Calculate m(k).
0
Let v be 132/88*((-14)/6 + 1). Let y be v + 12/(-30)*5. Let s(b) = b - 2. Give s(y).
-6
Let a(l) = l**3 - 2*l**2 + l - 1. Let z(g) = -5*g**3 + 3*g**2 + 6*g - 5. Let j(n) = 6*a(n) + z(n). What is j(5)?
-51
Let d = 3 - -4. Let j(l) = d + 2*l - 1 - 2 - 5 + 5*l**2. Let g(p) = -p**3 - 2*p**2 - p - 4. Let c be g(-2). Determine j(c).
15
Suppose -5*j = -l + 2 - 19, 3*j = -2*l + 18. Let z(n) = -2*n + 8. Let v be z(l). Suppose 3*x = -v*h - 1, -2 + 3 = 3*x + h. Let g(q) = 6*q. Determine g(x).
6
Let f be -1*30/(-5) + -2 + -2. Let z(t) = -8*t + 6*t + f*t - t. Suppose -2*n + 19 = n + 4*g, -n - 2*g = -9. Give z(n).
-1
Let t(x) be the second derivative of 8/3*x**3 + 3*x**2 + 40*x - 1 + 1/6*x**4. Determine t(-8).
6
Let a(f) = 18 - 5*f**2 - 11 + 6072*f**3 - 6*f - 6073*f**3. Calculate a(-3).
7
Let h(j) = j - 13. Let i be 159/(-1) + -28 + 27. Let g = 160 + i. Give h(g).
-13
Let s(h) = -3*h - 5. Let x(y) = 2*y**2 + 29*y - 9. Let q(p) = 4*s(p) - x(p). Give q(-20).
9
Let j(v) = -2*v + 7. Suppose -6*m = 3*m - 2*m. Let o(y) be the second derivative of y**4/12 - y**3/6 + 5*y**2/2 - 2*y. Let b be o(m). Determine j(b).
-3
Let l(j) = 5 + 2 - 3 + j. Suppose -12*u + 63 = 5*b - 9*u, -5*u + 65 = 5*b. Let q be (b/(-10))/((-114)/(-285)). Give l(q).
1
Let t(l) be the first derivative of -l**4/4 + l**3 + l**2/2 - 3*l - 1. Suppose -29*x = 15*x - 132. Suppose x*w + 54 = 21*w. Determine t(w).
0
Suppose 2*g = -y + 17, -2*y - 3*y - 3*g = -71. Let h(k) = k - 22. Determine h(y).
-9
Let q(s) = -119*s - 3 - 16*s**2 + 9*s**2 + 115*s - 10 + 9*s**2. Give q(6).
35
Let j(p) be the first derivative of -p**4/8 + p**3/6 + 3*p**2/2 + 19*p + 59. Let a(m) be the second derivative of j(m). Give a(-1).
4
Let u be 108/(-12) + 3 + -5 + -4 + 9. Let c(z) = -z**3 - 5*z**2 + 7*z - 10. What is c(u)?
-16
Let k(a) = -a**3 - 14*a**2 - 34*a - 2. Let v(c) = c**2 + 3*c. Let i(z) = k(z) + 9*v(z). What is i(-5)?
33
Let g(w) = -w**2 - 37*w - 74. Let a be g(-35). Let r(d) be the first derivative of -d**4/4 - 4*d**3/3 + d**2/2 + 5*d - 22. Give r(a).
1
Suppose -4*f + 336 = 4*f. Suppose 3*h = 9 + f. Let x(y) = -2 - h*y + 0*y**2 - 6*y**2 + 15*y + 1. Determine x(-1).
-5
Suppose -3*z - 4 = 51*m - 53*m, -4*m + 8 = -2*z. Let y(w) be the third derivative of 0*w - 1/20*w**5 - 8*w**2 - 1/8*w**4 + 1/3*w**3 + z. Give y(2).
-16
Let l(x) = -2*x**2 - 137*x + 832. Let p be l(-74). Let y(h) = -h**3 + 18*h**2 - 2*h - 22. Determine y(p).
-58
Suppose -34 = -8*g + 142. Let o be (4/(-3))/(g/(-33)). Let x(s) = 24*s**2 + 6*s + 2 - 49*s**2 + 27*s**o. Give x(-4).
10
Let z(t) be the third derivative of t**4/12 + t**3 - t**2. Let v be (-4 + -2)/(-6 + 10)*-2. Suppose -25*n = 2*h - 22*n + v, -h = 5*n - 9. Determine z(h).
-6
Let a = 70675 - 70666. Suppose -r - 7 = 3*b + 8, 5*r + 4*b + 20 = 0. Let y(z) = -z + 10 - z + r*z. What is y(a)?
-8
Let m(a) = -2*a + 23. Let w be m(9). Let k(u) = u**3 - 2*u**2 - 7*u + 9. Let y be k(w). Suppose -4*z = 9 - y. Let g(n) = n - 11. Determine g(z).
-1
Let v(b) = -18*b - 298. Let n(c) = -17*c - 240. Let z(s) = 5*n(s) - 4*v(s). What is z(3)?
-47
Let f(k) = 4*k - 40. Let l be f(9). Let v(p) = -p**3 - 3*p**2 + p. Let b(d) = 2*d**3 + 5*d**2 - 4*d - 2. Let h(x) = -b(x) - 3*v(x). What is h(l)?
-2
Let n be ((-12)/20)/(-1)*(20 + -15). Let m(j) = -3 - j - j**n - 4*j**2 + 1 - 8 - 1 + 6. What is m(-4)?
-1
Let l(g) = -g**3 - g + 2. Let v(u) = -12*u + 20. Let z be v(-54). Let s = 670 - z. Determine l(s).
-8
Suppose -368*l + 235*l - 133 = 0. Let j(s) be the third derivative of 11*s**4/24 + 3*s**2. What is j(l)?
-11
Let z(j) be the third derivative of j**7/420 - j**5/60 + j**4/12 + 34*j**3/3 - 16*j**2. Let s(g) be the first derivative of z(g). What is s(2)?
14
Suppose 25*o - 176 = 21*o. Suppose -m + o = -0*b - b, 0 = -3*m - 9. Let z = 50 + b. Let i(l) = l**2 - 3*l - 2. Calculate i(z).
-2
Let